{"id":3,"date":"2022-07-16T23:51:41","date_gmt":"2022-07-16T23:51:41","guid":{"rendered":"http:\/\/gennhaus.com\/?page_id=3"},"modified":"2023-11-17T22:16:30","modified_gmt":"2023-11-17T19:16:30","slug":"privacy-policy","status":"publish","type":"page","link":"https:\/\/gennhaus.com\/?page_id=3","title":{"rendered":"Gizlilik ve Ki\u015fisel Verileri Koruma Politikas\u0131"},"content":{"rendered":"\n<p class=\"has-small-font-size\">www.gennhaus.com (&#8220;GENNHAUS&#8221;) olarak ki\u015fisel verilerinizin g\u00fcvenli\u011fi hususuna azami hassasiyet g\u00f6stermekteyiz. Ki\u015fisel verileriniz 6698 say\u0131l\u0131 Ki\u015fisel Verilerin Korunmas\u0131 Kanunu (\u201cKVKK\u201d)\u2019na uygun olarak i\u015flenmekte ve muhafaza edilmektedir.&nbsp;<\/p>\n\n\n\n<h3 class=\"wp-block-heading has-medium-font-size\">1.Ki\u015fisel Verilerinizin Ne \u015eekilde \u0130\u015flenebilece\u011fi<\/h3>\n\n\n\n<p class=\"has-small-font-size\">6698 say\u0131l\u0131 KVKK uyar\u0131nca, GENNHAUS ile payla\u015ft\u0131\u011f\u0131n\u0131z ki\u015fisel verileriniz, tamamen veya k\u0131smen, otomatik olarak veyahut herhangi bir veri kay\u0131t sisteminin par\u00e7as\u0131 olmak kayd\u0131yla otomatik olmayan yollarla elde edilerek, kaydedilerek, depolanarak, de\u011fi\u015ftirilerek, yeniden d\u00fczenlenerek, k\u0131sacas\u0131 veriler \u00fczerinde ger\u00e7ekle\u015ftirilen her t\u00fcrl\u00fc i\u015fleme konu olarak taraf\u0131m\u0131zdan i\u015flenebilecektir. KVKK kapsam\u0131nda veriler \u00fczerinde ger\u00e7ekle\u015ftirilen her t\u00fcrl\u00fc i\u015flem \u201cki\u015fisel verilerin i\u015flenmesi\u201d olarak kabul edilmektedir.<\/p>\n\n\n\n<h3 class=\"wp-block-heading has-medium-font-size\">2.Ki\u015fisel Verilerinizin \u0130\u015flenme Ama\u00e7lar\u0131 Ve Hukuki Sebepleri<\/h3>\n\n\n\n<p class=\"has-small-font-size\">Payla\u015ft\u0131\u011f\u0131n\u0131z ki\u015fisel veriler,<\/p>\n\n\n\n<ul class=\"wp-block-list\">\n<li class=\"has-small-font-size\">M\u00fc\u015fterilerimize verdi\u011fimiz hizmetlerin gereklerini, s\u00f6zle\u015fmenin ve teknolojinin gereklerine uygun \u015fekilde yapabilmek, sunulan \u00fcr\u00fcn ve hizmetlerimizi geli\u015ftirebilmek i\u00e7in;<\/li>\n\n\n\n<li class=\"has-small-font-size\">Kamu g\u00fcvenli\u011fine ili\u015fkin hususlarda ve hukuki uyu\u015fmazl\u0131klarda, talep halinde ve mevzuat gere\u011fi savc\u0131l\u0131klara, mahkemelere ve ilgili kamu g\u00f6revlilerine bilgi verebilmek i\u00e7in;<\/li>\n\n\n\n<li class=\"has-small-font-size\">\u00dcyelerimize geni\u015f kapsamda \u00e7e\u015fitli imk\u00e2nlar sunabilmek veya bu imk\u00e2nlar\u0131 sunabilecek ki\u015fi veya kurumlarla yasal \u00e7er\u00e7evede payla\u015fabilmek i\u00e7in;<\/li>\n\n\n\n<li>Reklam tercihlerini analiz etmek i\u00e7in,<\/li>\n<\/ul>\n\n\n\n<p class=\"has-small-font-size\">6698 say\u0131l\u0131 KVKK ve ilgili ikincil d\u00fczenlemelere uygun olarak i\u015flenecektir.<\/p>\n\n\n\n<h3 class=\"wp-block-heading has-medium-font-size\">3.Ki\u015fisel Verilerinizin Aktar\u0131labilece\u011fi \u00dc\u00e7\u00fcnc\u00fc Ki\u015fi Veya Kurulu\u015flar Hakk\u0131nda Bilgilendirme<\/h3>\n\n\n\n<p class=\"has-small-font-size\">Yukar\u0131da belirtilen ama\u00e7larla, GENNHAUS ile payla\u015ft\u0131\u011f\u0131n\u0131z ki\u015fisel verilerinizin aktar\u0131labilece\u011fi ki\u015fi \/ kurulu\u015flar; ana hissedarlar\u0131m\u0131z, hissedarlar\u0131m\u0131z, reklam verenler, do\u011frudan veya dolayl\u0131 yurt i\u00e7i \/ yurt d\u0131\u015f\u0131 i\u015ftiraklerimiz; ba\u015fta ornekalanadi.com altyap\u0131s\u0131n\u0131 kullanan \u00fcye firmalar ve bunlarla s\u0131n\u0131rl\u0131 olmamak \u00fczere sunulan hizmet ile ilgili ki\u015fi ve kurulu\u015flar olmak \u00fczere, faaliyetlerimizi y\u00fcr\u00fctmek \u00fczere ve\/veya Veri \u0130\u015fleyen s\u0131fat\u0131 ile hizmet ald\u0131\u011f\u0131m\u0131z, i\u015f birli\u011fi yapt\u0131\u011f\u0131m\u0131z, program orta\u011f\u0131 kurulu\u015flar\u0131, yurti\u00e7i \/ yurtd\u0131\u015f\u0131 kurulu\u015flar ve di\u011fer 3. ki\u015filer ve kurulu\u015flard\u0131r.<\/p>\n\n\n\n<h3 class=\"wp-block-heading has-medium-font-size\">4.Ki\u015fisel Verilerinizin Toplanma \u015eekli<\/h3>\n\n\n\n<p>Ki\u015fisel verileriniz,<\/p>\n\n\n\n<ul class=\"wp-block-list\">\n<li class=\"has-small-font-size\">GENNHAUS internet sitesi ve mobil uygulamalar\u0131ndaki formlar ile ad, soyad, adres, telefon, i\u015f veya \u00f6zel e-posta adresi gibi bilgiler ile; kullan\u0131c\u0131 ad\u0131 ve \u015fifresi kullan\u0131larak giri\u015f yap\u0131lan sayfalardaki tercihleri, ger\u00e7ekle\u015ftirilen i\u015flemlerin IP kay\u0131tlar\u0131, taray\u0131c\u0131 taraf\u0131ndan toplanan \u00e7erez verileri ile gezinme s\u00fcre ve detaylar\u0131n\u0131 i\u00e7eren veriler, konum verileri \u015feklinde;<\/li>\n\n\n\n<li class=\"has-small-font-size\">GENNHAUS ile ticari ili\u015fki kurmak, i\u015f ba\u015fvurusu yapmak, teklif vermek gibi ama\u00e7larla, kartvizit, \u00f6zge\u00e7mi\u015f (cv), teklif vermek ve sair yollarla ki\u015fisel verilerini payla\u015fan ki\u015filerden al\u0131nan, fiziki veya sanal bir ortamda, y\u00fcz y\u00fcze ya da mesafeli, s\u00f6zl\u00fc veya yaz\u0131l\u0131 ya da elektronik ortamdan;<\/li>\n\n\n\n<li class=\"has-small-font-size\">Ayr\u0131ca farkl\u0131 kanallardan dolayl\u0131 yoldan elde edilen, web sitesi, blog, yar\u0131\u015fma, anket, oyun, kampanya ve benzeri ama\u00e7l\u0131 kullan\u0131lan (mikro) web sitelerinden ve sosyal medyadan elde edilen veriler, e-b\u00fclten okuma veya t\u0131klama hareketleri, kamuya a\u00e7\u0131k veri tabanlar\u0131n\u0131n sundu\u011fu veriler, sosyal medya platformlar\u0131 (Facebook, Twitter, Google, Instagram, Snapchat vs) gibi sosyal payla\u015f\u0131m sitelerinden payla\u015f\u0131ma a\u00e7\u0131k profil ve verilerden; i\u015flenebilmekte ve toplanabilmektedir.<\/li>\n<\/ul>\n\n\n\n<h3 class=\"wp-block-heading has-medium-font-size\">5.KVKK Y\u00fcr\u00fcrl\u00fc\u011fe Girmeden \u00d6nce Elde Edilen Ki\u015fisel Verileriniz<\/h3>\n\n\n\n<p class=\"has-small-font-size\">GENNHAUS, KVKK\u2019nun y\u00fcr\u00fcrl\u00fck tarihi olan 7 Nisan 2016 tarihinden \u00f6nce yay\u0131m hayat\u0131na ba\u015flamad\u0131\u011f\u0131 i\u00e7in bu tarihten \u00f6nce depolad\u0131\u011f\u0131m\u0131z bir ki\u015fisel veri bulunmamaktad\u0131r.<\/p>\n\n\n\n<h3 class=\"wp-block-heading has-medium-font-size\">6.Ki\u015fisel Verilerinizin Aktar\u0131lmas\u0131<\/h3>\n\n\n\n<p class=\"has-small-font-size\">T\u00fcrkiye\u2019de i\u015flenerek veya T\u00fcrkiye d\u0131\u015f\u0131nda i\u015flenip muhafaza edilmek \u00fczere, yukar\u0131da say\u0131lan y\u00f6ntemlerden herhangi birisi ile toplanm\u0131\u015f ki\u015fisel verileriniz KVKK kapsam\u0131nda kalmak kayd\u0131yla ve s\u00f6zle\u015fme ama\u00e7lar\u0131na uygun olarak yurtd\u0131\u015f\u0131nda bulunan (Ki\u015fisel Veriler Kurulu taraf\u0131ndan akredite edilen ve ki\u015fisel verilerin korunmas\u0131 hususunda yeterli koruman\u0131n bulundu\u011fu \u00fclkelere) hizmet arac\u0131lar\u0131na da aktar\u0131labilecektir.<\/p>\n\n\n\n<p class=\"has-small-font-size\">Ki\u015fisel Verileriniz;<\/p>\n\n\n\n<ul class=\"wp-block-list\">\n<li class=\"has-small-font-size\">\u00dcr\u00fcn ve hizmetlerin sunulmas\u0131 ve tan\u0131t\u0131lmas\u0131 i\u00e7in i\u015fbirli\u011fi yap\u0131lan ve\/veya hizmet al\u0131nan i\u015f ortaklar\u0131m\u0131z,<\/li>\n\n\n\n<li class=\"has-small-font-size\">Acil yard\u0131m \u00e7a\u011fr\u0131s\u0131 halinde konumunuzu tespit edecek olan yetkili mercilere,<\/li>\n\n\n\n<li class=\"has-small-font-size\">D\u00fczenleyici ve denetleyici kurumlar ile mahkeme ve icra m\u00fcd\u00fcrl\u00fckleri gibi sair resmi kurumlara, ki\u015fisel verilerinizi talep etmeye yetkili olan di\u011fer kamu kurum veya kurulu\u015flar\u0131<\/li>\n\n\n\n<li class=\"has-small-font-size\">GENNHAUS ile ticari ili\u015fki i\u00e7inde bulunan ve telefon numaran\u0131za sahip t\u00fczel ki\u015filere,<\/li>\n<\/ul>\n\n\n\n<p class=\"has-small-font-size\">Gerekli g\u00f6r\u00fcld\u00fc\u011f\u00fc durumlarda aktar\u0131labilecektir.<\/p>\n\n\n\n<h3 class=\"wp-block-heading has-medium-font-size\">7.Ki\u015fisel Verilerin Korunmas\u0131 ve Saklanmas\u0131<\/h3>\n\n\n\n<p class=\"has-small-font-size\">GENNHAUS , ki\u015fisel verilerinizin bar\u0131nd\u0131\u011f\u0131 sistemleri ve veri tabanlar\u0131n\u0131, KVKK\u2019nun 12. Maddesi gere\u011fi ki\u015fisel verilerin hukuka ayk\u0131r\u0131 olarak i\u015flenmesini \u00f6nlemekle, yetkisiz ki\u015filerin eri\u015fimlerini engellemekle; muhafazalar\u0131n\u0131 sa\u011flamak amac\u0131yla hash, \u015fifreleme, i\u015flem kayd\u0131, eri\u015fim y\u00f6netimi gibi yaz\u0131l\u0131msal tedbirleri ve fiziksel g\u00fcvenlik \u00f6nlemleri almakla m\u00fckelleftir. Ki\u015fisel verilerin yasal olmayan yollarla ba\u015fkalar\u0131 taraf\u0131ndan elde edilmesinin \u00f6\u011frenilmesi halinde durum derhal, yasal d\u00fczenlemeye uygun ve yaz\u0131l\u0131 olarak Ki\u015fisel Verileri Koruma Kurulu\u2019na bildirilecektir.<\/p>\n\n\n\n<h3 class=\"wp-block-heading has-medium-font-size\">8.Ki\u015fisel Verilerin Do\u011fru ve G\u00fcncel Tutulmas\u0131<\/h3>\n\n\n\n<p class=\"has-small-font-size\">KVKK\u2019nun 4. maddesi uyar\u0131nca ornekalanadi.com\u2019un ki\u015fisel verilerinizi do\u011fru ve g\u00fcncel olarak tutma y\u00fck\u00fcml\u00fcl\u00fc\u011f\u00fc bulunmaktad\u0131r. Bu kapsamda ornekalanadi.com\u2019un y\u00fcr\u00fcrl\u00fckteki mevzuattan do\u011fan y\u00fck\u00fcml\u00fcl\u00fcklerini yerine getirebilmesi i\u00e7in \u00fcyelerimizin do\u011fru ve g\u00fcncel verilerini payla\u015fmas\u0131 veya web sitesi \/ mobil uygulama \u00fczerinden g\u00fcncellemesi gerekmektedir..<\/p>\n\n\n\n<h3 class=\"wp-block-heading has-medium-font-size\">9.6698 Say\u0131l\u0131 Kvkk Uyar\u0131nca Ki\u015fisel Veri Sahibinin Haklar\u0131<\/h3>\n\n\n\n<p class=\"has-small-font-size\">6698 say\u0131l\u0131 KVKK 11.maddesi 07 Ekim 2016 tarihinde y\u00fcr\u00fcrl\u00fc\u011fe girmi\u015f olup ilgili madde gere\u011fince, Ki\u015fisel Veri Sahibi\u2019nin bu tarihten sonraki haklar\u0131 a\u015fa\u011f\u0131daki gibidir:<\/p>\n\n\n\n<ul class=\"wp-block-list\">\n<li class=\"has-small-font-size\">Ki\u015fisel Veri Sahibi, GENNHAUS\u2019a (veri sorumlusu) ba\u015fvurarak kendisiyle ilgili;<\/li>\n\n\n\n<li class=\"has-small-font-size\">Ki\u015fisel veri i\u015flenip i\u015flenmedi\u011fini \u00f6\u011frenme,<\/li>\n\n\n\n<li class=\"has-small-font-size\">Ki\u015fisel verileri i\u015flenmi\u015fse buna ili\u015fkin bilgi talep etme,<\/li>\n\n\n\n<li class=\"has-small-font-size\">Ki\u015fisel verilerin i\u015flenme amac\u0131n\u0131 ve bunlar\u0131n amac\u0131na uygun kullan\u0131l\u0131p kullan\u0131lmad\u0131\u011f\u0131n\u0131 \u00f6\u011frenme,<\/li>\n\n\n\n<li class=\"has-small-font-size\">Yurt i\u00e7inde veya yurt d\u0131\u015f\u0131nda ki\u015fisel verilerin aktar\u0131ld\u0131\u011f\u0131 \u00fc\u00e7\u00fcnc\u00fc ki\u015fileri bilme,<\/li>\n\n\n\n<li class=\"has-small-font-size\">Ki\u015fisel verilerin eksik veya yanl\u0131\u015f i\u015flenmi\u015f olmas\u0131 h\u00e2linde bunlar\u0131n d\u00fczeltilmesini isteme,<\/li>\n\n\n\n<li class=\"has-small-font-size\">KVKK\u2019nun 7. maddesinde \u00f6ng\u00f6r\u00fclen \u015fartlar \u00e7er\u00e7evesinde ki\u015fisel verilerin silinmesini veya yok edilmesini isteme,<\/li>\n\n\n\n<li class=\"has-small-font-size\">Ki\u015fisel verilerin d\u00fczeltilmesi, silinmesi, yok edilmesi halinde bu i\u015flemlerin, ki\u015fisel verilerin aktar\u0131ld\u0131\u011f\u0131 \u00fc\u00e7\u00fcnc\u00fc ki\u015filere de bildirilmesini isteme,<\/li>\n\n\n\n<li class=\"has-small-font-size\">\u0130\u015flenen verilerin m\u00fcnhas\u0131ran otomatik sistemler vas\u0131tas\u0131yla analiz edilmesi suretiyle ki\u015finin kendisi aleyhine bir sonucun ortaya \u00e7\u0131kmas\u0131na itiraz etme,<\/li>\n\n\n\n<li class=\"has-small-font-size\">Ki\u015fisel verilerin kanuna ayk\u0131r\u0131 olarak i\u015flenmesi sebebiyle zarara u\u011framas\u0131 h\u00e2linde zarar\u0131n giderilmesini talep etme, haklar\u0131na sahiptir.<\/li>\n<\/ul>\n\n\n\n<h3 class=\"wp-block-heading has-medium-font-size\">10.\u0130leti\u015fim ve Ba\u015fvuru Y\u00f6ntemi<\/h3>\n\n\n\n<p class=\"has-small-font-size\">GENNHAUS taraf\u0131ndan atanacak Veri Sorumlusu Temsilcisi, yasal altyap\u0131 sa\u011fland\u0131\u011f\u0131nda Veri Sorumlular\u0131 Sicilinde ve bu belgenin bulundu\u011fu internet adresinde ilan edilecektir.<\/p>\n\n\n\n<p class=\"has-small-font-size\">Ki\u015fisel Veri Sahipleri, sorular\u0131n\u0131, g\u00f6r\u00fc\u015flerini veya taleplerini info@gennhaus.com e-posta adresine y\u00f6neltebilirler.<\/p>\n\n\n\n<p class=\"has-small-font-size\">GENNHAUS iletilen taleplere, gerek\u00e7eli olmak ve 30 g\u00fcn i\u00e7inde cevap vermek kayd\u0131yla olumlu\/olumsuz yan\u0131t\u0131n\u0131, yaz\u0131l\u0131 veya dijital ortamdan verebilir. Taleplere ili\u015fkin gerekli i\u015flemlerin \u00fccretsiz olmas\u0131 esast\u0131r. Ancak i\u015flemlerin bir maliyet gerektirmesi halinde, ornekalanadi.com , \u00fccret talebinde bulunma hakk\u0131n\u0131 sakl\u0131 tutar. Bu \u00fccretler, Ki\u015fisel Verilerin Korunmas\u0131 Kurulu taraf\u0131ndan, Ki\u015fisel Verilerin korunmas\u0131 Kanunu\u2019nun 13. maddesine g\u00f6re belirlenen tarife \u00fczerinden belirlenir.<\/p>\n\n\n\n<p class=\"has-small-font-size\">Web sayfam\u0131zda, uygulamalar\u0131m\u0131zda ve di\u011fer sair kanallar\u0131m\u0131zda ki\u015fisel verilerinizi payla\u015farak Ki\u015fisel Veriler Politikam\u0131z\u0131 ve politikam\u0131zda yer alan i\u015flenme, i\u015flenme y\u00f6ntemleri, verilerin aktar\u0131lmas\u0131, sat\u0131\u015f\u0131 ve di\u011fer ilgili hususlar hakk\u0131ndaki \u015fartlar\u0131, Bir sosyal medya uygulamas\u0131 olan ornekalanadi.com ile payla\u015f\u0131lan verilerin web sayfas\u0131nda, uygulamalarda ve sosyal medya kanallar\u0131nda kullan\u0131lmas\u0131n\u0131, bildirimlerde ve \u00f6nerilerde bulunulmas\u0131n\u0131, \u00fcyelerin yarar\u0131na olmas\u0131 \u015fart\u0131yla ticari anlamda \u00fc\u00e7\u00fcnc\u00fc ki\u015filerle payla\u015f\u0131labilece\u011fini ve yine bunun i\u00e7in kabulde bulundu\u011funuzu, yasal haklar\u0131n\u0131z\u0131 kullanmadan \u00f6nce GENNHAUS\u2019a ba\u015fvuruda bulunaca\u011f\u0131n\u0131z\u0131 KVKK\u2019da b\u00fcy\u00fck \u00f6neme haiz, belirli bir konuya ili\u015fkin, bilgilendirilmeye dayanan ve \u00f6zg\u00fcr iradeyle a\u00e7\u0131klanan r\u0131za \u015feklinde tan\u0131mlanan&nbsp;<strong>a\u00e7\u0131k bir r\u0131za<\/strong>&nbsp;ile kabul etti\u011finizi beyan etmi\u015f olursunuz.<\/p>\n","protected":false},"excerpt":{"rendered":"<p>www.gennhaus.com (&#8220;GENNHAUS&#8221;) olarak ki\u015fisel verilerinizin g\u00fcvenli\u011fi hususuna azami hassasiyet g\u00f6stermekteyiz. Ki\u015fisel verileriniz 6698 say\u0131l\u0131 Ki\u015fisel Verilerin Korunmas\u0131 Kanunu (\u201cKVKK\u201d)\u2019na uygun olarak i\u015flenmekte ve muhafaza edilmektedir.&nbsp; 1.Ki\u015fisel Verilerinizin Ne \u015eekilde \u0130\u015flenebilece\u011fi 6698 say\u0131l\u0131 KVKK uyar\u0131nca, GENNHAUS ile payla\u015ft\u0131\u011f\u0131n\u0131z ki\u015fisel verileriniz, tamamen veya k\u0131smen, otomatik olarak veyahut herhangi bir veri kay\u0131t sisteminin par\u00e7as\u0131 olmak kayd\u0131yla otomatik olmayan [&hellip;]<\/p>\n","protected":false},"author":1,"featured_media":0,"parent":0,"menu_order":0,"comment_status":"closed","ping_status":"open","template":"","meta":{"om_disable_all_campaigns":false,"_uag_custom_page_level_css":"","_monsterinsights_skip_tracking":false,"_monsterinsights_sitenote_active":false,"_monsterinsights_sitenote_note":"","_monsterinsights_sitenote_category":0,"site-sidebar-layout":"default","site-content-layout":"","ast-site-content-layout":"default","site-content-style":"default","site-sidebar-style":"default","ast-global-header-display":"","ast-banner-title-visibility":"","ast-main-header-display":"","ast-hfb-above-header-display":"","ast-hfb-below-header-display":"","ast-hfb-mobile-header-display":"","site-post-title":"","ast-breadcrumbs-content":"","ast-featured-img":"","footer-sml-layout":"","ast-disable-related-posts":"","theme-transparent-header-meta":"","adv-header-id-meta":"","stick-header-meta":"","header-above-stick-meta":"","header-main-stick-meta":"","header-below-stick-meta":"","astra-migrate-meta-layouts":"set","ast-page-background-enabled":"default","ast-page-background-meta":{"desktop":{"background-color":"var(--ast-global-color-4)","background-image":"","background-repeat":"repeat","background-position":"center center","background-size":"auto","background-attachment":"scroll","background-type":"","background-media":"","overlay-type":"","overlay-color":"","overlay-opacity":"","overlay-gradient":""},"tablet":{"background-color":"","background-image":"","background-repeat":"repeat","background-position":"center center","background-size":"auto","background-attachment":"scroll","background-type":"","background-media":"","overlay-type":"","overlay-color":"","overlay-opacity":"","overlay-gradient":""},"mobile":{"background-color":"","background-image":"","background-repeat":"repeat","background-position":"center center","background-size":"auto","background-attachment":"scroll","background-type":"","background-media":"","overlay-type":"","overlay-color":"","overlay-opacity":"","overlay-gradient":""}},"ast-content-background-meta":{"desktop":{"background-color":"var(--ast-global-color-5)","background-image":"","background-repeat":"repeat","background-position":"center center","background-size":"auto","background-attachment":"scroll","background-type":"","background-media":"","overlay-type":"","overlay-color":"","overlay-opacity":"","overlay-gradient":""},"tablet":{"background-color":"var(--ast-global-color-5)","background-image":"","background-repeat":"repeat","background-position":"center center","background-size":"auto","background-attachment":"scroll","background-type":"","background-media":"","overlay-type":"","overlay-color":"","overlay-opacity":"","overlay-gradient":""},"mobile":{"background-color":"var(--ast-global-color-5)","background-image":"","background-repeat":"repeat","background-position":"center center","background-size":"auto","background-attachment":"scroll","background-type":"","background-media":"","overlay-type":"","overlay-color":"","overlay-opacity":"","overlay-gradient":""}},"footnotes":""},"class_list":["post-3","page","type-page","status-publish","hentry"],"aioseo_notices":[],"uagb_featured_image_src":{"full":false,"thumbnail":false,"medium":false,"medium_large":false,"large":false,"1536x1536":false,"2048x2048":false,"woocommerce_thumbnail":false,"woocommerce_single":false,"woocommerce_gallery_thumbnail":false},"uagb_author_info":{"display_name":"onurgm@gmail.com","author_link":"https:\/\/gennhaus.com\/?author=1"},"uagb_comment_info":0,"uagb_excerpt":"www.gennhaus.com (&#8220;GENNHAUS&#8221;) olarak ki\u015fisel verilerinizin g\u00fcvenli\u011fi hususuna azami hassasiyet g\u00f6stermekteyiz. Ki\u015fisel verileriniz 6698 say\u0131l\u0131 Ki\u015fisel Verilerin Korunmas\u0131 Kanunu (\u201cKVKK\u201d)\u2019na uygun olarak i\u015flenmekte ve muhafaza edilmektedir.&nbsp; 1.Ki\u015fisel Verilerinizin Ne \u015eekilde \u0130\u015flenebilece\u011fi 6698 say\u0131l\u0131 KVKK uyar\u0131nca, GENNHAUS ile payla\u015ft\u0131\u011f\u0131n\u0131z ki\u015fisel verileriniz, tamamen veya k\u0131smen, otomatik olarak veyahut herhangi bir veri kay\u0131t sisteminin par\u00e7as\u0131 olmak kayd\u0131yla otomatik olmayan&hellip;","_links":{"self":[{"href":"https:\/\/gennhaus.com\/index.php?rest_route=\/wp\/v2\/pages\/3","targetHints":{"allow":["GET"]}}],"collection":[{"href":"https:\/\/gennhaus.com\/index.php?rest_route=\/wp\/v2\/pages"}],"about":[{"href":"https:\/\/gennhaus.com\/index.php?rest_route=\/wp\/v2\/types\/page"}],"author":[{"embeddable":true,"href":"https:\/\/gennhaus.com\/index.php?rest_route=\/wp\/v2\/users\/1"}],"replies":[{"embeddable":true,"href":"https:\/\/gennhaus.com\/index.php?rest_route=%2Fwp%2Fv2%2Fcomments&post=3"}],"version-history":[{"count":3,"href":"https:\/\/gennhaus.com\/index.php?rest_route=\/wp\/v2\/pages\/3\/revisions"}],"predecessor-version":[{"id":1288,"href":"https:\/\/gennhaus.com\/index.php?rest_route=\/wp\/v2\/pages\/3\/revisions\/1288"}],"wp:attachment":[{"href":"https:\/\/gennhaus.com\/index.php?rest_route=%2Fwp%2Fv2%2Fmedia&parent=3"}],"curies":[{"name":"wp","href":"https:\/\/api.w.org\/{rel}","templated":true}]}}