{"id":1738,"date":"2025-11-28T21:12:48","date_gmt":"2025-11-28T18:12:48","guid":{"rendered":"https:\/\/gennhaus.com\/?post_type=product&#038;p=1738"},"modified":"2026-03-17T19:40:35","modified_gmt":"2026-03-17T16:40:35","slug":"solo-bahce-balkon-oturma-grubu-211","status":"publish","type":"product","link":"https:\/\/gennhaus.com\/?product=solo-bahce-balkon-oturma-grubu-211","title":{"rendered":"Solo Bah\u00e7e Balkon Oturma Grubu 2+1+1"},"content":{"rendered":"<p>Balkon, veranda, bah\u00e7e gibi alanlar\u0131n\u0131z i\u00e7in pratik ve uzun \u00f6m\u00fcrl\u00fc bir oturma grubu. 1 adet 2&#8217;li koltuk, 2 adet tekli koltuk ve sehpa<\/p>\n","protected":false},"excerpt":{"rendered":"<p>Balkon, veranda, bah\u00e7e gibi alanlar\u0131n\u0131z i\u00e7in pratik bir se\u00e7enek<\/p>\n<p>G\u00fc\u00e7lendirilmi\u015f Polipropilen(PP) malzeme ile uzun \u00f6m\u00fcrl\u00fc kullan\u0131m sunar<\/p>\n<p>Minderler, suya diren\u00e7li ve UV katk\u0131l\u0131 kuma\u015flarla \u00fcretilmi\u015ftir<\/p>\n<p>Tamamen ge\u00e7meli tasar\u0131m\u0131 ile kolay kurulum imkan\u0131 sunar. Sezon d\u0131\u015f\u0131nda kolayca s\u00f6k\u00fcl\u00fcp yer kaplamadan muhafaza edilebilir.<\/p>\n<p>\u00d6l\u00e7\u00fcler<br \/>\n\u0130kili Koltuk: U122 x D77 x Y85cm<br \/>\nTekli Koltuk: U66 x D77 x Y85cm<br \/>\nSehpa: U85 x D55 x Y44cm<\/p>\n","protected":false},"featured_media":1739,"comment_status":"open","ping_status":"closed","template":"","meta":{"om_disable_all_campaigns":false,"_uag_custom_page_level_css":"","_monsterinsights_skip_tracking":false,"_monsterinsights_sitenote_active":false,"_monsterinsights_sitenote_note":"","_monsterinsights_sitenote_category":0,"site-sidebar-layout":"default","site-content-layout":"","ast-site-content-layout":"default","site-content-style":"default","site-sidebar-style":"default","ast-global-header-display":"","ast-banner-title-visibility":"","ast-main-header-display":"","ast-hfb-above-header-display":"","ast-hfb-below-header-display":"","ast-hfb-mobile-header-display":"","site-post-title":"","ast-breadcrumbs-content":"","ast-featured-img":"","footer-sml-layout":"","ast-disable-related-posts":"","theme-transparent-header-meta":"default","adv-header-id-meta":"","stick-header-meta":"","header-above-stick-meta":"","header-main-stick-meta":"","header-below-stick-meta":"","astra-migrate-meta-layouts":"set","ast-page-background-enabled":"default","ast-page-background-meta":{"desktop":{"background-color":"var(--ast-global-color-4)","background-image":"","background-repeat":"repeat","background-position":"center center","background-size":"auto","background-attachment":"scroll","background-type":"","background-media":"","overlay-type":"","overlay-color":"","overlay-opacity":"","overlay-gradient":""},"tablet":{"background-color":"","background-image":"","background-repeat":"repeat","background-position":"center center","background-size":"auto","background-attachment":"scroll","background-type":"","background-media":"","overlay-type":"","overlay-color":"","overlay-opacity":"","overlay-gradient":""},"mobile":{"background-color":"","background-image":"","background-repeat":"repeat","background-position":"center center","background-size":"auto","background-attachment":"scroll","background-type":"","background-media":"","overlay-type":"","overlay-color":"","overlay-opacity":"","overlay-gradient":""}},"ast-content-background-meta":{"desktop":{"background-color":"var(--ast-global-color-5)","background-image":"","background-repeat":"repeat","background-position":"center center","background-size":"auto","background-attachment":"scroll","background-type":"","background-media":"","overlay-type":"","overlay-color":"","overlay-opacity":"","overlay-gradient":""},"tablet":{"background-color":"var(--ast-global-color-5)","background-image":"","background-repeat":"repeat","background-position":"center center","background-size":"auto","background-attachment":"scroll","background-type":"","background-media":"","overlay-type":"","overlay-color":"","overlay-opacity":"","overlay-gradient":""},"mobile":{"background-color":"var(--ast-global-color-5)","background-image":"","background-repeat":"repeat","background-position":"center center","background-size":"auto","background-attachment":"scroll","background-type":"","background-media":"","overlay-type":"","overlay-color":"","overlay-opacity":"","overlay-gradient":""}}},"product_brand":[],"product_cat":[22,46],"product_tag":[23,24,31,57,51,50,70,62,47,63,58,61,25],"class_list":{"0":"post-1738","1":"product","2":"type-product","3":"status-publish","4":"has-post-thumbnail","6":"product_cat-_outdoor","7":"product_cat-oturma-grubu","8":"product_tag-bahce","9":"product_tag-balkon","10":"product_tag-bistro","11":"product_tag-cafe","12":"product_tag-dis-mekan","13":"product_tag-havuz","14":"product_tag-karavan","15":"product_tag-otel","16":"product_tag-oturma-grubu","17":"product_tag-pansiyon","18":"product_tag-restaurant","19":"product_tag-sahil","20":"product_tag-teras","21":"desktop-align-left","22":"tablet-align-left","23":"mobile-align-left","25":"first","26":"outofstock","27":"taxable","28":"shipping-taxable","29":"purchasable","30":"product-type-simple"},"aioseo_notices":[],"uagb_featured_image_src":{"full":["https:\/\/gennhaus.com\/wp-content\/uploads\/2025\/11\/amazon_solo_main.png",1080,1080,false],"thumbnail":["https:\/\/gennhaus.com\/wp-content\/uploads\/2025\/11\/amazon_solo_main-150x150.png",150,150,true],"medium":["https:\/\/gennhaus.com\/wp-content\/uploads\/2025\/11\/amazon_solo_main-300x300.png",300,300,true],"medium_large":["https:\/\/gennhaus.com\/wp-content\/uploads\/2025\/11\/amazon_solo_main-768x768.png",768,768,true],"large":["https:\/\/gennhaus.com\/wp-content\/uploads\/2025\/11\/amazon_solo_main-1024x1024.png",1024,1024,true],"1536x1536":["https:\/\/gennhaus.com\/wp-content\/uploads\/2025\/11\/amazon_solo_main.png",1080,1080,false],"2048x2048":["https:\/\/gennhaus.com\/wp-content\/uploads\/2025\/11\/amazon_solo_main.png",1080,1080,false],"woocommerce_thumbnail":["https:\/\/gennhaus.com\/wp-content\/uploads\/2025\/11\/amazon_solo_main-300x300.png",300,300,true],"woocommerce_single":["https:\/\/gennhaus.com\/wp-content\/uploads\/2025\/11\/amazon_solo_main-600x600.png",600,600,true],"woocommerce_gallery_thumbnail":["https:\/\/gennhaus.com\/wp-content\/uploads\/2025\/11\/amazon_solo_main-100x100.png",100,100,true]},"uagb_author_info":{"display_name":"onurgm@gmail.com","author_link":"https:\/\/gennhaus.com\/?author=0"},"uagb_comment_info":0,"uagb_excerpt":"Balkon, veranda, bah\u00e7e gibi alanlar\u0131n\u0131z i\u00e7in pratik bir se\u00e7enek G\u00fc\u00e7lendirilmi\u015f Polipropilen(PP) malzeme ile uzun \u00f6m\u00fcrl\u00fc kullan\u0131m sunar Minderler, suya diren\u00e7li ve UV katk\u0131l\u0131 kuma\u015flarla \u00fcretilmi\u015ftir Tamamen ge\u00e7meli tasar\u0131m\u0131 ile kolay kurulum imkan\u0131 sunar. Sezon d\u0131\u015f\u0131nda kolayca s\u00f6k\u00fcl\u00fcp yer kaplamadan muhafaza edilebilir. \u00d6l\u00e7\u00fcler \u0130kili Koltuk: U122 x D77 x Y85cm Tekli Koltuk: U66 x D77 x&hellip;","_links":{"self":[{"href":"https:\/\/gennhaus.com\/index.php?rest_route=\/wp\/v2\/product\/1738","targetHints":{"allow":["GET"]}}],"collection":[{"href":"https:\/\/gennhaus.com\/index.php?rest_route=\/wp\/v2\/product"}],"about":[{"href":"https:\/\/gennhaus.com\/index.php?rest_route=\/wp\/v2\/types\/product"}],"replies":[{"embeddable":true,"href":"https:\/\/gennhaus.com\/index.php?rest_route=%2Fwp%2Fv2%2Fcomments&post=1738"}],"wp:featuredmedia":[{"embeddable":true,"href":"https:\/\/gennhaus.com\/index.php?rest_route=\/wp\/v2\/media\/1739"}],"wp:attachment":[{"href":"https:\/\/gennhaus.com\/index.php?rest_route=%2Fwp%2Fv2%2Fmedia&parent=1738"}],"wp:term":[{"taxonomy":"product_brand","embeddable":true,"href":"https:\/\/gennhaus.com\/index.php?rest_route=%2Fwp%2Fv2%2Fproduct_brand&post=1738"},{"taxonomy":"product_cat","embeddable":true,"href":"https:\/\/gennhaus.com\/index.php?rest_route=%2Fwp%2Fv2%2Fproduct_cat&post=1738"},{"taxonomy":"product_tag","embeddable":true,"href":"https:\/\/gennhaus.com\/index.php?rest_route=%2Fwp%2Fv2%2Fproduct_tag&post=1738"}],"curies":[{"name":"wp","href":"https:\/\/api.w.org\/{rel}","templated":true}]}}